{"id":196,"date":"2020-04-28T20:25:00","date_gmt":"2020-04-28T20:25:00","guid":{"rendered":"http:\/\/persysts.bitappmx.com\/?post_type=product&#038;p=196"},"modified":"2020-04-28T20:25:50","modified_gmt":"2020-04-28T20:25:50","slug":"instalacion-de-mini-split","status":"publish","type":"product","link":"http:\/\/persysts.bitappmx.com\/index.php\/producto\/instalacion-de-mini-split\/","title":{"rendered":"Instalaci\u00f3n de mini-split"},"content":{"rendered":"<p>Instalaci\u00f3n completa de un sistema de aire acondicionado tipo mini-split de 1 tonelada de refrigeraci\u00f3n. El equipo lo pones t\u00fa y nosotros lo hacemos funcionar.<\/p>\n ","protected":false},"excerpt":{"rendered":"<p>Servicio de instalaci\u00f3n de aire acondicionado tipo mini-split para los dias calurosos.<\/p>\n","protected":false},"featured_media":89,"comment_status":"open","ping_status":"closed","template":"","meta":{"spay_email":"","jetpack_publicize_message":"","jetpack_is_tweetstorm":false},"jetpack_publicize_connections":[],"jetpack_sharing_enabled":true,"jetpack_likes_enabled":true,"_links":{"self":[{"href":"http:\/\/persysts.bitappmx.com\/index.php\/wp-json\/wp\/v2\/product\/196"}],"collection":[{"href":"http:\/\/persysts.bitappmx.com\/index.php\/wp-json\/wp\/v2\/product"}],"about":[{"href":"http:\/\/persysts.bitappmx.com\/index.php\/wp-json\/wp\/v2\/types\/product"}],"replies":[{"embeddable":true,"href":"http:\/\/persysts.bitappmx.com\/index.php\/wp-json\/wp\/v2\/comments?post=196"}],"wp:featuredmedia":[{"embeddable":true,"href":"http:\/\/persysts.bitappmx.com\/index.php\/wp-json\/wp\/v2\/media\/89"}],"wp:attachment":[{"href":"http:\/\/persysts.bitappmx.com\/index.php\/wp-json\/wp\/v2\/media?parent=196"}],"curies":[{"name":"wp","href":"https:\/\/api.w.org\/{rel}","templated":true}]}}