{"id":143,"date":"2020-03-15T19:41:47","date_gmt":"2020-03-15T19:41:47","guid":{"rendered":"http:\/\/persysts.bitappmx.com\/?post_type=product&#038;p=143"},"modified":"2020-03-24T16:09:27","modified_gmt":"2020-03-24T16:09:27","slug":"kit-camaras-de-seguridad","status":"publish","type":"product","link":"http:\/\/persysts.bitappmx.com\/index.php\/producto\/kit-camaras-de-seguridad\/","title":{"rendered":"Kit C\u00e1maras de Seguridad"},"content":{"rendered":"<h1>Servicio de Instalaci\u00f3n de C\u00e1maras de Seguridad<\/h1>\n<p>Aprovecha la promoci\u00f3n, incuye:<\/p>\n<ul>\n<li>4 C\u00e1maras de Seguridad<\/li>\n<li>Cableado de 20 metros para c\/c\u00e1mara<\/li>\n<li>DVR con disco duro de 500 gb<\/li>\n<li>Mano de obra profesional<\/li>\n<\/ul>\n<p>Este precio de instalaci\u00f3n v\u00e1lido para la ciudad de Tapachula, Huixtla, Huehuet\u00e1n.<\/p>\n<p>Pregunte por su domicilio, para zonas mas lejanas aplicar\u00e1 un peque\u00f1o cargo extra.<\/p>\n ","protected":false},"excerpt":{"rendered":"<p>Instala c\u00e1maras de seguridad en tu hogar o negocio, con un precio inigualable.<\/p>\n","protected":false},"featured_media":144,"comment_status":"open","ping_status":"closed","template":"","meta":{"spay_email":"","jetpack_publicize_message":"","jetpack_is_tweetstorm":false},"jetpack_publicize_connections":[],"jetpack_sharing_enabled":true,"jetpack_likes_enabled":true,"_links":{"self":[{"href":"http:\/\/persysts.bitappmx.com\/index.php\/wp-json\/wp\/v2\/product\/143"}],"collection":[{"href":"http:\/\/persysts.bitappmx.com\/index.php\/wp-json\/wp\/v2\/product"}],"about":[{"href":"http:\/\/persysts.bitappmx.com\/index.php\/wp-json\/wp\/v2\/types\/product"}],"replies":[{"embeddable":true,"href":"http:\/\/persysts.bitappmx.com\/index.php\/wp-json\/wp\/v2\/comments?post=143"}],"wp:featuredmedia":[{"embeddable":true,"href":"http:\/\/persysts.bitappmx.com\/index.php\/wp-json\/wp\/v2\/media\/144"}],"wp:attachment":[{"href":"http:\/\/persysts.bitappmx.com\/index.php\/wp-json\/wp\/v2\/media?parent=143"}],"curies":[{"name":"wp","href":"https:\/\/api.w.org\/{rel}","templated":true}]}}